{"id":3428,"date":"2025-01-23T21:16:29","date_gmt":"2025-01-23T21:16:29","guid":{"rendered":"https:\/\/nueva.hvdes.com\/nueva\/?post_type=product&#038;p=3428"},"modified":"2025-01-23T21:21:39","modified_gmt":"2025-01-23T21:21:39","slug":"nutrique-adulto-razas-grandes-15-kilos","status":"publish","type":"product","link":"https:\/\/nueva.hvdes.com\/nueva\/producto\/nutrique-adulto-razas-grandes-15-kilos\/","title":{"rendered":"Nutrique Adulto Razas Grandes 15 Kilos"},"content":{"rendered":"<p>Nutrique Adulto Razas Grandes 15 Kilos<\/p>\n<p>\u00abNutrique Large Adult Dog es un alimento balanceado completo<\/p>\n<p>especialmente dise\u00f1ado para perros adultos j\u00f3venes de talla grande,<\/p>\n<p>recomendados entre 15 meses y 6 a\u00f1os. Este producto incluye un blend<\/p>\n<p>de aceites con propiedades nutricionales, como aceite de coco, y est\u00e1 formulado<\/p>\n<p>con Long Life Complex, que contiene condroit\u00edn sulfato, glucosamina, omega 3<\/p>\n<p>y vitamina C para mejorar la salud general del perro.\u00bb<\/p>\n","protected":false},"excerpt":{"rendered":"<table class=\"group Especificaciones\" cellspacing=\"0\">\n<tbody>\n<tr class=\"even\">\n<th class=\"name-field Marca\">Marca<\/th>\n<td class=\"value-field Marca\">Vital Can<\/td>\n<\/tr>\n<tr>\n<th class=\"name-field Incluye\">Incluye<\/th>\n<td class=\"value-field Incluye\">1 Bulto de alimento<\/td>\n<\/tr>\n<tr class=\"even\">\n<th class=\"name-field Nota\">Nota<\/th>\n<td class=\"value-field Nota\">Color puede variar dependiendo del monitor que se observe.<\/td>\n<\/tr>\n<tr>\n<th class=\"name-field Uso\">Uso<\/th>\n<td class=\"value-field Uso\">Balanceados<\/td>\n<\/tr>\n<\/tbody>\n<\/table>\n","protected":false},"featured_media":3427,"comment_status":"open","ping_status":"closed","template":"","meta":{"_uag_custom_page_level_css":"","site-sidebar-layout":"default","site-content-layout":"","ast-site-content-layout":"default","site-content-style":"default","site-sidebar-style":"default","ast-global-header-display":"","ast-banner-title-visibility":"","ast-main-header-display":"","ast-hfb-above-header-display":"","ast-hfb-below-header-display":"","ast-hfb-mobile-header-display":"","site-post-title":"","ast-breadcrumbs-content":"","ast-featured-img":"","footer-sml-layout":"","theme-transparent-header-meta":"default","adv-header-id-meta":"","stick-header-meta":"","header-above-stick-meta":"","header-main-stick-meta":"","header-below-stick-meta":"","astra-migrate-meta-layouts":"set","ast-page-background-enabled":"default","ast-page-background-meta":{"desktop":{"background-color":"var(--ast-global-color-4)","background-image":"","background-repeat":"repeat","background-position":"center center","background-size":"auto","background-attachment":"scroll","background-type":"","background-media":"","overlay-type":"","overlay-color":"","overlay-opacity":"","overlay-gradient":""},"tablet":{"background-color":"","background-image":"","background-repeat":"repeat","background-position":"center center","background-size":"auto","background-attachment":"scroll","background-type":"","background-media":"","overlay-type":"","overlay-color":"","overlay-opacity":"","overlay-gradient":""},"mobile":{"background-color":"","background-image":"","background-repeat":"repeat","background-position":"center center","background-size":"auto","background-attachment":"scroll","background-type":"","background-media":"","overlay-type":"","overlay-color":"","overlay-opacity":"","overlay-gradient":""}},"ast-content-background-meta":{"desktop":{"background-color":"var(--ast-global-color-5)","background-image":"","background-repeat":"repeat","background-position":"center center","background-size":"auto","background-attachment":"scroll","background-type":"","background-media":"","overlay-type":"","overlay-color":"","overlay-opacity":"","overlay-gradient":""},"tablet":{"background-color":"var(--ast-global-color-5)","background-image":"","background-repeat":"repeat","background-position":"center center","background-size":"auto","background-attachment":"scroll","background-type":"","background-media":"","overlay-type":"","overlay-color":"","overlay-opacity":"","overlay-gradient":""},"mobile":{"background-color":"var(--ast-global-color-5)","background-image":"","background-repeat":"repeat","background-position":"center center","background-size":"auto","background-attachment":"scroll","background-type":"","background-media":"","overlay-type":"","overlay-color":"","overlay-opacity":"","overlay-gradient":""}}},"product_brand":[],"product_cat":[68,24],"product_tag":[],"class_list":{"0":"post-3428","1":"product","2":"type-product","3":"status-publish","4":"has-post-thumbnail","6":"product_cat-alimento-ultrapremiun-para-perros","7":"product_cat-sin-categorizar","8":"desktop-align-left","9":"tablet-align-left","10":"mobile-align-left","12":"first","13":"instock","14":"shipping-taxable","15":"purchasable","16":"product-type-simple"},"yoast_head":"<!-- This site is optimized with the Yoast SEO Premium plugin v24.3 (Yoast SEO v24.3) - https:\/\/yoast.com\/wordpress\/plugins\/seo\/ -->\n<title>Nutrique Adulto Razas Grandes 15 Kilos - Hospital Veterinario Sinai<\/title>\n<meta name=\"description\" content=\"Nutrique Large Adult Dog es un alimento balanceado completo especialmente dise\u00f1ado para perros adultos j\u00f3venes de talla grande, recomendados entre 1 y 6 a\u00f1o\" \/>\n<meta name=\"robots\" content=\"index, follow, max-snippet:-1, max-image-preview:large, max-video-preview:-1\" \/>\n<link rel=\"canonical\" href=\"https:\/\/nueva.hvdes.com\/nueva\/producto\/nutrique-adulto-razas-grandes-15-kilos\/\" \/>\n<meta property=\"og:locale\" content=\"es_ES\" \/>\n<meta property=\"og:type\" content=\"article\" \/>\n<meta property=\"og:title\" content=\"Nutrique Adulto Razas Grandes 15 Kilos\" \/>\n<meta property=\"og:description\" content=\"Nutrique Large Adult Dog es un alimento balanceado completo especialmente dise\u00f1ado para perros adultos j\u00f3venes de talla grande, recomendados entre 1 y 6 a\u00f1o\" \/>\n<meta property=\"og:url\" content=\"https:\/\/nueva.hvdes.com\/nueva\/producto\/nutrique-adulto-razas-grandes-15-kilos\/\" \/>\n<meta property=\"og:site_name\" content=\"Hospital Veterinario Sinai\" \/>\n<meta property=\"article:modified_time\" content=\"2025-01-23T21:21:39+00:00\" \/>\n<meta property=\"og:image\" content=\"https:\/\/nueva.hvdes.com\/nueva\/wp-content\/uploads\/2025\/01\/nutrique-perro-adulto-3-kilos.png\" \/>\n\t<meta property=\"og:image:width\" content=\"580\" \/>\n\t<meta property=\"og:image:height\" content=\"802\" \/>\n\t<meta property=\"og:image:type\" content=\"image\/png\" \/>\n<meta name=\"twitter:card\" content=\"summary_large_image\" \/>\n<meta name=\"twitter:label1\" content=\"Tiempo de lectura\" \/>\n\t<meta name=\"twitter:data1\" content=\"1 minuto\" \/>\n<script type=\"application\/ld+json\" class=\"yoast-schema-graph\">{\"@context\":\"https:\/\/schema.org\",\"@graph\":[{\"@type\":\"WebPage\",\"@id\":\"https:\/\/nueva.hvdes.com\/nueva\/producto\/nutrique-adulto-razas-grandes-15-kilos\/\",\"url\":\"https:\/\/nueva.hvdes.com\/nueva\/producto\/nutrique-adulto-razas-grandes-15-kilos\/\",\"name\":\"Nutrique Adulto Razas Grandes 15 Kilos - Hospital Veterinario Sinai\",\"isPartOf\":{\"@id\":\"https:\/\/nueva.hvdes.com\/nueva\/#website\"},\"primaryImageOfPage\":{\"@id\":\"https:\/\/nueva.hvdes.com\/nueva\/producto\/nutrique-adulto-razas-grandes-15-kilos\/#primaryimage\"},\"image\":{\"@id\":\"https:\/\/nueva.hvdes.com\/nueva\/producto\/nutrique-adulto-razas-grandes-15-kilos\/#primaryimage\"},\"thumbnailUrl\":\"https:\/\/nueva.hvdes.com\/nueva\/wp-content\/uploads\/2025\/01\/nutrique-perro-adulto-3-kilos.png\",\"datePublished\":\"2025-01-23T21:16:29+00:00\",\"dateModified\":\"2025-01-23T21:21:39+00:00\",\"description\":\"Nutrique Large Adult Dog es un alimento balanceado completo especialmente dise\u00f1ado para perros adultos j\u00f3venes de talla grande, recomendados entre 1 y 6 a\u00f1o\",\"breadcrumb\":{\"@id\":\"https:\/\/nueva.hvdes.com\/nueva\/producto\/nutrique-adulto-razas-grandes-15-kilos\/#breadcrumb\"},\"inLanguage\":\"es\",\"potentialAction\":[{\"@type\":\"ReadAction\",\"target\":[\"https:\/\/nueva.hvdes.com\/nueva\/producto\/nutrique-adulto-razas-grandes-15-kilos\/\"]}]},{\"@type\":\"ImageObject\",\"inLanguage\":\"es\",\"@id\":\"https:\/\/nueva.hvdes.com\/nueva\/producto\/nutrique-adulto-razas-grandes-15-kilos\/#primaryimage\",\"url\":\"https:\/\/nueva.hvdes.com\/nueva\/wp-content\/uploads\/2025\/01\/nutrique-perro-adulto-3-kilos.png\",\"contentUrl\":\"https:\/\/nueva.hvdes.com\/nueva\/wp-content\/uploads\/2025\/01\/nutrique-perro-adulto-3-kilos.png\",\"width\":580,\"height\":802,\"caption\":\"Nutrique Large Adult Dog es un alimento balanceado completo especialmente dise\u00f1ado para perros adultos j\u00f3venes de talla grande\"},{\"@type\":\"BreadcrumbList\",\"@id\":\"https:\/\/nueva.hvdes.com\/nueva\/producto\/nutrique-adulto-razas-grandes-15-kilos\/#breadcrumb\",\"itemListElement\":[{\"@type\":\"ListItem\",\"position\":1,\"name\":\"Portada\",\"item\":\"https:\/\/nueva.hvdes.com\/nueva\/\"},{\"@type\":\"ListItem\",\"position\":2,\"name\":\"Tienda Perros\",\"item\":\"https:\/\/nueva.hvdes.com\/nueva\/tienda\/\"},{\"@type\":\"ListItem\",\"position\":3,\"name\":\"Nutrique Adulto Razas Grandes 15 Kilos\"}]},{\"@type\":\"WebSite\",\"@id\":\"https:\/\/nueva.hvdes.com\/nueva\/#website\",\"url\":\"https:\/\/nueva.hvdes.com\/nueva\/\",\"name\":\"Hospital Veterinario Sinai\",\"description\":\"\",\"publisher\":{\"@id\":\"https:\/\/nueva.hvdes.com\/nueva\/#organization\"},\"potentialAction\":[{\"@type\":\"SearchAction\",\"target\":{\"@type\":\"EntryPoint\",\"urlTemplate\":\"https:\/\/nueva.hvdes.com\/nueva\/?s={search_term_string}\"},\"query-input\":{\"@type\":\"PropertyValueSpecification\",\"valueRequired\":true,\"valueName\":\"search_term_string\"}}],\"inLanguage\":\"es\"},{\"@type\":\"Organization\",\"@id\":\"https:\/\/nueva.hvdes.com\/nueva\/#organization\",\"name\":\"Hospital Veterinario Sinai\",\"url\":\"https:\/\/nueva.hvdes.com\/nueva\/\",\"logo\":{\"@type\":\"ImageObject\",\"inLanguage\":\"es\",\"@id\":\"https:\/\/nueva.hvdes.com\/nueva\/#\/schema\/logo\/image\/\",\"url\":\"https:\/\/nueva.hvdes.com\/nueva\/wp-content\/uploads\/2024\/02\/LOGO-HVDES-PNG-1.png\",\"contentUrl\":\"https:\/\/nueva.hvdes.com\/nueva\/wp-content\/uploads\/2024\/02\/LOGO-HVDES-PNG-1.png\",\"width\":1920,\"height\":418,\"caption\":\"Hospital Veterinario Sinai\"},\"image\":{\"@id\":\"https:\/\/nueva.hvdes.com\/nueva\/#\/schema\/logo\/image\/\"}}]}<\/script>\n<!-- \/ Yoast SEO Premium plugin. -->","yoast_head_json":{"title":"Nutrique Adulto Razas Grandes 15 Kilos - Hospital Veterinario Sinai","description":"Nutrique Large Adult Dog es un alimento balanceado completo especialmente dise\u00f1ado para perros adultos j\u00f3venes de talla grande, recomendados entre 1 y 6 a\u00f1o","robots":{"index":"index","follow":"follow","max-snippet":"max-snippet:-1","max-image-preview":"max-image-preview:large","max-video-preview":"max-video-preview:-1"},"canonical":"https:\/\/nueva.hvdes.com\/nueva\/producto\/nutrique-adulto-razas-grandes-15-kilos\/","og_locale":"es_ES","og_type":"article","og_title":"Nutrique Adulto Razas Grandes 15 Kilos","og_description":"Nutrique Large Adult Dog es un alimento balanceado completo especialmente dise\u00f1ado para perros adultos j\u00f3venes de talla grande, recomendados entre 1 y 6 a\u00f1o","og_url":"https:\/\/nueva.hvdes.com\/nueva\/producto\/nutrique-adulto-razas-grandes-15-kilos\/","og_site_name":"Hospital Veterinario Sinai","article_modified_time":"2025-01-23T21:21:39+00:00","og_image":[{"width":580,"height":802,"url":"https:\/\/nueva.hvdes.com\/nueva\/wp-content\/uploads\/2025\/01\/nutrique-perro-adulto-3-kilos.png","type":"image\/png"}],"twitter_card":"summary_large_image","twitter_misc":{"Tiempo de lectura":"1 minuto"},"schema":{"@context":"https:\/\/schema.org","@graph":[{"@type":"WebPage","@id":"https:\/\/nueva.hvdes.com\/nueva\/producto\/nutrique-adulto-razas-grandes-15-kilos\/","url":"https:\/\/nueva.hvdes.com\/nueva\/producto\/nutrique-adulto-razas-grandes-15-kilos\/","name":"Nutrique Adulto Razas Grandes 15 Kilos - Hospital Veterinario Sinai","isPartOf":{"@id":"https:\/\/nueva.hvdes.com\/nueva\/#website"},"primaryImageOfPage":{"@id":"https:\/\/nueva.hvdes.com\/nueva\/producto\/nutrique-adulto-razas-grandes-15-kilos\/#primaryimage"},"image":{"@id":"https:\/\/nueva.hvdes.com\/nueva\/producto\/nutrique-adulto-razas-grandes-15-kilos\/#primaryimage"},"thumbnailUrl":"https:\/\/nueva.hvdes.com\/nueva\/wp-content\/uploads\/2025\/01\/nutrique-perro-adulto-3-kilos.png","datePublished":"2025-01-23T21:16:29+00:00","dateModified":"2025-01-23T21:21:39+00:00","description":"Nutrique Large Adult Dog es un alimento balanceado completo especialmente dise\u00f1ado para perros adultos j\u00f3venes de talla grande, recomendados entre 1 y 6 a\u00f1o","breadcrumb":{"@id":"https:\/\/nueva.hvdes.com\/nueva\/producto\/nutrique-adulto-razas-grandes-15-kilos\/#breadcrumb"},"inLanguage":"es","potentialAction":[{"@type":"ReadAction","target":["https:\/\/nueva.hvdes.com\/nueva\/producto\/nutrique-adulto-razas-grandes-15-kilos\/"]}]},{"@type":"ImageObject","inLanguage":"es","@id":"https:\/\/nueva.hvdes.com\/nueva\/producto\/nutrique-adulto-razas-grandes-15-kilos\/#primaryimage","url":"https:\/\/nueva.hvdes.com\/nueva\/wp-content\/uploads\/2025\/01\/nutrique-perro-adulto-3-kilos.png","contentUrl":"https:\/\/nueva.hvdes.com\/nueva\/wp-content\/uploads\/2025\/01\/nutrique-perro-adulto-3-kilos.png","width":580,"height":802,"caption":"Nutrique Large Adult Dog es un alimento balanceado completo especialmente dise\u00f1ado para perros adultos j\u00f3venes de talla grande"},{"@type":"BreadcrumbList","@id":"https:\/\/nueva.hvdes.com\/nueva\/producto\/nutrique-adulto-razas-grandes-15-kilos\/#breadcrumb","itemListElement":[{"@type":"ListItem","position":1,"name":"Portada","item":"https:\/\/nueva.hvdes.com\/nueva\/"},{"@type":"ListItem","position":2,"name":"Tienda Perros","item":"https:\/\/nueva.hvdes.com\/nueva\/tienda\/"},{"@type":"ListItem","position":3,"name":"Nutrique Adulto Razas Grandes 15 Kilos"}]},{"@type":"WebSite","@id":"https:\/\/nueva.hvdes.com\/nueva\/#website","url":"https:\/\/nueva.hvdes.com\/nueva\/","name":"Hospital Veterinario Sinai","description":"","publisher":{"@id":"https:\/\/nueva.hvdes.com\/nueva\/#organization"},"potentialAction":[{"@type":"SearchAction","target":{"@type":"EntryPoint","urlTemplate":"https:\/\/nueva.hvdes.com\/nueva\/?s={search_term_string}"},"query-input":{"@type":"PropertyValueSpecification","valueRequired":true,"valueName":"search_term_string"}}],"inLanguage":"es"},{"@type":"Organization","@id":"https:\/\/nueva.hvdes.com\/nueva\/#organization","name":"Hospital Veterinario Sinai","url":"https:\/\/nueva.hvdes.com\/nueva\/","logo":{"@type":"ImageObject","inLanguage":"es","@id":"https:\/\/nueva.hvdes.com\/nueva\/#\/schema\/logo\/image\/","url":"https:\/\/nueva.hvdes.com\/nueva\/wp-content\/uploads\/2024\/02\/LOGO-HVDES-PNG-1.png","contentUrl":"https:\/\/nueva.hvdes.com\/nueva\/wp-content\/uploads\/2024\/02\/LOGO-HVDES-PNG-1.png","width":1920,"height":418,"caption":"Hospital Veterinario Sinai"},"image":{"@id":"https:\/\/nueva.hvdes.com\/nueva\/#\/schema\/logo\/image\/"}}]}},"uagb_featured_image_src":{"full":["https:\/\/nueva.hvdes.com\/nueva\/wp-content\/uploads\/2025\/01\/nutrique-perro-adulto-3-kilos.png",580,802,false],"thumbnail":["https:\/\/nueva.hvdes.com\/nueva\/wp-content\/uploads\/2025\/01\/nutrique-perro-adulto-3-kilos-150x150.png",150,150,true],"medium":["https:\/\/nueva.hvdes.com\/nueva\/wp-content\/uploads\/2025\/01\/nutrique-perro-adulto-3-kilos-217x300.png",217,300,true],"medium_large":["https:\/\/nueva.hvdes.com\/nueva\/wp-content\/uploads\/2025\/01\/nutrique-perro-adulto-3-kilos.png",580,802,false],"large":["https:\/\/nueva.hvdes.com\/nueva\/wp-content\/uploads\/2025\/01\/nutrique-perro-adulto-3-kilos.png",580,802,false],"1536x1536":["https:\/\/nueva.hvdes.com\/nueva\/wp-content\/uploads\/2025\/01\/nutrique-perro-adulto-3-kilos.png",580,802,false],"2048x2048":["https:\/\/nueva.hvdes.com\/nueva\/wp-content\/uploads\/2025\/01\/nutrique-perro-adulto-3-kilos.png",580,802,false],"woocommerce_thumbnail":["https:\/\/nueva.hvdes.com\/nueva\/wp-content\/uploads\/2025\/01\/nutrique-perro-adulto-3-kilos-300x300.png",300,300,true],"woocommerce_single":["https:\/\/nueva.hvdes.com\/nueva\/wp-content\/uploads\/2025\/01\/nutrique-perro-adulto-3-kilos.png",580,802,false],"woocommerce_gallery_thumbnail":["https:\/\/nueva.hvdes.com\/nueva\/wp-content\/uploads\/2025\/01\/nutrique-perro-adulto-3-kilos-100x100.png",100,100,true]},"uagb_author_info":{"display_name":"adminemiro2024","author_link":"https:\/\/nueva.hvdes.com\/nueva\/author\/"},"uagb_comment_info":0,"uagb_excerpt":"Marca Vital Can Incluye 1 Bulto de alimento Nota Color puede variar dependiendo del monitor que se observe. Uso Balanceados","_links":{"self":[{"href":"https:\/\/nueva.hvdes.com\/nueva\/wp-json\/wp\/v2\/product\/3428","targetHints":{"allow":["GET"]}}],"collection":[{"href":"https:\/\/nueva.hvdes.com\/nueva\/wp-json\/wp\/v2\/product"}],"about":[{"href":"https:\/\/nueva.hvdes.com\/nueva\/wp-json\/wp\/v2\/types\/product"}],"replies":[{"embeddable":true,"href":"https:\/\/nueva.hvdes.com\/nueva\/wp-json\/wp\/v2\/comments?post=3428"}],"version-history":[{"count":2,"href":"https:\/\/nueva.hvdes.com\/nueva\/wp-json\/wp\/v2\/product\/3428\/revisions"}],"predecessor-version":[{"id":3430,"href":"https:\/\/nueva.hvdes.com\/nueva\/wp-json\/wp\/v2\/product\/3428\/revisions\/3430"}],"wp:featuredmedia":[{"embeddable":true,"href":"https:\/\/nueva.hvdes.com\/nueva\/wp-json\/wp\/v2\/media\/3427"}],"wp:attachment":[{"href":"https:\/\/nueva.hvdes.com\/nueva\/wp-json\/wp\/v2\/media?parent=3428"}],"wp:term":[{"taxonomy":"product_brand","embeddable":true,"href":"https:\/\/nueva.hvdes.com\/nueva\/wp-json\/wp\/v2\/product_brand?post=3428"},{"taxonomy":"product_cat","embeddable":true,"href":"https:\/\/nueva.hvdes.com\/nueva\/wp-json\/wp\/v2\/product_cat?post=3428"},{"taxonomy":"product_tag","embeddable":true,"href":"https:\/\/nueva.hvdes.com\/nueva\/wp-json\/wp\/v2\/product_tag?post=3428"}],"curies":[{"name":"wp","href":"https:\/\/api.w.org\/{rel}","templated":true}]}}